s divided by 8516?
2146
What is the remainder when 45655 is divided by 2081?
1954
Calculate the remainder when 114347 is divided by 1605.
392
What is the remainder when 156863658 is divided by 1422?
1416
Calculate the remainder when 736954164 is divided by 527.
526
Calculate the remainder when 344787305 is divided by 135.
5
Calculate the remainder when 126395972 is divided by 25.
22
What is the remainder when 310929 is divided by 138?
15
Calculate the remainder when 363401960 is divided by 36.
32
Calculate the remainder when 32579242 is divided by 15.
7
What is the remainder when 56200 is divided by 345?
310
What is the remainder when 50292 is divided by 23741?
2810
What is the remainder when 270605 is divided by 1012?
401
Calculate the remainder when 559297 is divided by 627.
13
Calculate the remainder when 4081538 is divided by 1020381.
14
What is the remainder when 657500 is divided by 109579?
26
Calculate the remainder when 1293901 is divided by 68.
65
What is the remainder when 5218374 is divided by 18?
12
What is the remainder when 22827253 is divided by 4823?
4817
Calculate the remainder when 1202955 is divided by 14851.
24
What is the remainder when 24588 is divided by 487?
238
What is the remainder when 17516024 is divided by 3503191?
69
Calculate the remainder when 398463 is divided by 1888.
95
Calculate the remainder when 1086484 is divided by 54321.
64
What is the remainder when 952411 is divided by 27207?
166
What is the remainder when 2367544 is divided by 81?
76
Calculate the remainder when 153140 is divided by 339.
251
Calculate the remainder when 41250 is divided by 19858.
1534
Calculate the remainder when 1029223 is divided by 40.
23
Calculate the remainder when 30543343 is divided by 9462.
7
What is the remainder when 235586903 is divided by 207?
203
What is the remainder when 219413 is divided by 15312?
5045
What is the remainder when 26337985 is divided by 114?
109
What is the remainder when 8628560 is divided by 507547?
261
What is the remainder when 4862477 is divided by 2431237?
3
What is the remainder when 437807 is divided by 1787?
1779
What is the remainder when 27585 is divided by 1048?
337
What is the remainder when 27178220 is divided by 15?
5
Calculate the remainder when 95771 is divided by 13572.
767
Calculate the remainder when 65376 is divided by 8154.
144
Calculate the remainder when 802685 is divided by 802674.
11
Calculate the remainder when 2265626 is divided by 73.
71
What is the remainder when 2109476 is divided by 37?
32
Calculate the remainder when 215661 is divided by 306.
237
What is the remainder when 566260 is divided by 2195?
2145
What is the remainder when 221982 is divided by 329?
236
Calculate the remainder when 1638523 is divided by 409608.
91
What is the remainder when 68513577 is divided by 761?
747
Calculate the remainder when 1009805 is divided by 812.
489
Calculate the remainder when 27524634 is divided by 95.
94
What is the remainder when 3206403 is divided by 1068689?
336
What is the remainder when 1293538 is divided by 1984?
1954
What is the remainder when 16280991 is divided by 143?
12
Calculate the remainder when 131890 is divided by 7321.
112
Calculate the remainder when 708171 is divided by 353787.
597
Calculate the remainder when 3960979 is divided by 247560.
19
What is the remainder when 26767 is divided by 12418?
1931
Calculate the remainder when 3490027 is divided by 302.
115
Calculate the remainder when 2767819 is divided by 774.
769
Calculate the remainder when 612133 is divided by 3045.
88
Calculate the remainder when 2331304 is divided by 291412.
8
Calculate the remainder when 957897 is divided by 9121.
192
Calculate the remainder when 21539159 is divided by 120.
119
Calculate the remainder when 173490 is divided by 557.
263
Calculate the remainder when 175596700 is divided by 581446.
8
What is the remainder when 173490 is divided by 56348?
4446
What is the remainder when 41184 is divided by 4428?
1332
What is the remainder when 7730579 is divided by 85?
84
What is the remainder when 7209361 is divided by 2584?
1
Calculate the remainder when 517143 is divided by 3060.
3
Calculate the remainder when 419336 is divided by 186.
92
Calculate the remainder when 1073910 is divided by 268305.
690
Calculate the remainder when 73529615 is divided by 1790.
1785
Calculate the remainder when 1396476 is divided by 1207.
1184
What is the remainder when 173604 is divided by 1756?
1516
What is the remainder when 16809399 is divided by 62257?
9
What is the remainder when 74629155 is divided by 37314571?
13
Calculate the remainder when 1895058 is divided by 9818.
184
Calculate the remainder when 2303305 is divided by 91.
4
Calculate the remainder when 188241 is divided by 13439.
95
Calculate the remainder when 1250545 is divided by 1957.
22
What is the remainder when 123780 is divided by 13290?
4170
Calculate the remainder when 3057469 is divided by 9.
7
What is the remainder when 383402 is divided by 3826?
802
Calculate the remainder when 1503237 is divided by 65351.
164
What is the remainder when 1393388 is divided by 168?
164
What is the remainder when 4502776 is divided by 3875?
26
Calculate the remainder when 3554311 is divided by 3553885.
426
What is the remainder when 2463961 is divided by 821317?
10
What is the remainder when 1223327 is divided by 1311?
164
What is the remainder when 548387 is divided by 211?
209
What is the remainder when 93792031 is divided by 8?
7
Calculate the remainder when 188617 is divided by 63.
58
What is the remainder when 248394 is divided by 708?
594
Calculate the remainder when 17820101 is divided by 3139.
3137
Calculate the remainder when 247325111 is divided by 2296.
2287
Calculate the remainder when 34425378 is divided by 2151584.
34
Calculate the remainder when 175401 is divided by 367.
342
Calculate the remainder when 10263265 is divided by 3555.
3535
Calculate the remainder when 61832 is divided by 582.
140
What is the remainder when 596285116 is divided by 3596?
3588
Calculate the remainder when 15025200 is divided by 5008395.
15
What is the remainder when 1784053 is divided by 167?
159
Calculate the remainder when 86359729 is divided by 411.
409
Calculate the remainder when 47268 is divided by 473.
441
What is the remainder when 961597 is divided by 54?
19
Calculate the remainder when 236686 is divided by 118318.
50
What is the remainder when 746736 is divided by 746709?
27
What is the remainder when 21673372 is divided by 2408146?
58
Calculate the remainder when 23993 is divided by 1528.
1073
Calculate the remainder when 61148 is divided by 15255.
128
What is the remainder when 1425221 is divided by 356301?
17
Calculate the remainder when 32203117 is divided by 53.
52
Calculate the remainder when 19800652 is divided by 19.
11
Calculate the remainder when 170743 is divided by 28109.
2089
What is the remainder when 603537 is divided by 914?
297
Calculate the remainder when 1049653 is divided by 20.
13
What is the remainder when 349862 is divided by 116453?
503
What is the remainder when 621022 is divided by 88715?
17
What is the remainder when 16828649 is divided by 110?
79
Calculate the remainder when 110598 is divided by 110574.
24
Calculate the remainder when 5014708 is divided by 1253674.
12
What is the remainder when 63818 is divided by 62249?
1569
What is the remainder when 6483806 is divided by 70?
56
What is the remainder when 203434 is divided by 2641?
77
What is the remainder when 2111594 is divided by 177?
161
Calculate the remainder when 51761147 is divided by 226.
141
Calculate the remainder when 4234639 is divided by 61.
19
What is the remainder when 19242435 is divided by 95?
90
Calculate the remainder when 23044 is divided by 9046.
4952
What is the remainder when 3464888 is divided by 48?
8
What is the remainder when 118752 is divided by 39579?
15
What is the remainder when 1733794 is divided by 1018?
140
Calculate the remainder when 23906031 is divided by 1361.
66
What is the remainder when 1969246 is divided by 260?
6
What is the remainder when 3139191 is divided by 784786?
47
Calculate the remainder when 200474 is divided by 200152.
322
What is the remainder when 300875 is divided by 2154?
1469
What is the remainder when 471